and 92?
23
Suppose 45 = 2*n - 7*n. Let z = -939 + 933. Let y be (n/z - 2)*(-24)/1. Calculate the highest common factor of 96 and y.
12
Suppose 28*t - 18*t = 24*t - 504. What is the highest common divisor of t and 768?
12
Let v(s) = 6*s - 19. Let u be v(4). Suppose -u*z - n + 74 = -2*n, -5*z + 62 = 2*n. Let x be (-7 - -6) + z + -1. What is the greatest common factor of 8 and x?
4
Let w be (((-42)/8)/((-783)/(-696)))/(2/(-9297)). Calculate the greatest common divisor of w and 21.
21
Let h(m) = -m**2 - 25*m - 120. Let s be h(-25). Let n = -117 - s. Calculate the highest common factor of n and 24.
3
Suppose -3*j - 46*s = -41*s - 23, 5*j + 3*s = 65. Calculate the greatest common factor of 104 and j.
8
Let y = 37 + -35. Let r be ((40/(-25))/(-1))/(2/(-10)). Let i be 44/r - -5 - (-73)/y. What is the highest common divisor of i and 48?
12
Let t be 0*(-1)/(-1) - -24. Suppose 173*h + 928 = -225*h + 62*h + 7984. Calculate the highest common divisor of h and t.
3
Let l = -9535 + 9595. What is the highest common divisor of 4170 and l?
30
Suppose -4*f = -2*h - 554, -6*f - 4*h + 846 = -2*h. Calculate the highest common factor of 154 and f.
14
Let i(g) = -2*g + 3*g - 29*g. Let n be i(-2). What is the highest common factor of n and 7?
7
Let s(w) = -2*w**2 + 30*w - 16. Let z be s(14). Suppose 5*y + z = 2*y, -k + 5*y = -284. Calculate the highest common factor of k and 33.
33
Suppose 0 = -155*j + 5818 + 5342. What is the highest common factor of j and 11304?
72
Let p be (2 + 1)*((-238)/21 + -6). Let v be 4/(32/(-8))*p. Let q be (10/4)/((-1)/(-26)). What is the highest common divisor of q and v?
13
Suppose 9*s - 15 = 282. What is the greatest common factor of s and 2937?
33
Let n be (146 - 2) + 1 + -1. Let s be (-63 + 65)*1/(-2). Let p(h) = -72*h - 24. Let t be p(s). What is the greatest common factor of t and n?
48
Let l(i) = i**3 + 4*i**2 - 29*i + 242. Let z be l(-9). Calculate the greatest common factor of z and 134.
2
Suppose 5*c - 15 = 0, -72*k - 732 = -77*k - 4*c. Calculate the greatest common factor of 112 and k.
16
Let j be (-130)/1430 + 376500/33. Calculate the greatest common factor of j and 3.
3
Suppose 20 = 5*p, w + 9*p - 40 = 7*p. Let t be (w/112)/(1/42). What is the highest common divisor of t and 348?
12
Let v be 2 - 1 - 1*(-3 + -18). Suppose -9234 = 3*s - v*s. Suppose 118 = 5*h + 4*o - 692, -3*h - 3*o = -s. Calculate the highest common divisor of 108 and h.
54
Suppose 3*h - k + 6*k = 414, -5*k + 547 = 4*h. What is the highest common factor of 1159 and h?
19
Let s(a) = -167*a + 10197. Let j be s(61). What is the highest common factor of 9 and j?
1
Suppose 41 = -7*d + 363. Calculate the greatest common factor of d and 437.
23
Let a = 145 - 143. Let o be ((-285)/(-10)*-12)/((-4)/a). Suppose 2*r = r + 19. Calculate the greatest common factor of o and r.
19
Suppose 14*n - 70 = 4*n. Suppose n*w + 41 = 8*w + 3*u, -27 = -w + 4*u. What is the greatest common divisor of 665 and w?
35
Let r = -20 + 18. Let j(l) = -49*l**2 - 3*l. Let q be j(r). Let b be q/(-4) + (-25)/(-50). What is the greatest common factor of 120 and b?
24
Suppose -13*h + 9*h = -4*j + 4, h - 11 = -5*j. Suppose -3*a = -2*x + 26, 7*x - 3*x - j*a = 52. Calculate the highest common divisor of 39 and x.
13
Let w(q) = -305*q - 5660. Let n be w(-19). Calculate the greatest common divisor of n and 87.
3
Let a(b) = b + 3. Let n be a(-3). Suppose 0 = -n*m - m + 6. Let p(r) = -r**3 - 7*r**2 - 6*r. Let d be p(-7). What is the highest common factor of d and m?
6
Suppose 37*i - 2218 = 187. Let b be -1 - -2 - (-93 - 10). Calculate the highest common divisor of b and i.
13
Suppose -2*s - 38 + 208 = 0. Let o = 11946 + -11912. What is the greatest common factor of s and o?
17
Suppose 10*l + 5934 = 34*l + 1398. What is the greatest common divisor of 2079 and l?
189
Let o(q) = q**3 + 6*q**2 - 10*q - 3. Let z be o(-8). Let r be z + 4 + -2 + 1/(-1). Let g = 56 + r. Calculate the greatest common factor of 78 and g.
6
Let o = -88111 - -88124. Suppose 2*v - 7*a = -4*a + 32, 0 = a + 2. What is the highest common factor of o and v?
13
Suppose 3*s + 2*l - 3288 = 12276, 4*s + l = 20742. Calculate the greatest common factor of s and 8.
8
Suppose -s + 194 = 2*l - 371, 4*l + 5*s - 1151 = 0. What is the greatest common divisor of 1767 and l?
93
Suppose 3*t - 6*t + 180 = 0. Suppose -s + t = -87. Let j = 338106 + -338085. Calculate the greatest common factor of j and s.
21
Let d be (-5)/(-10)*(3 - -1). Let c = -908 - -954. What is the highest common divisor of c and d?
2
Let d be (-34 - -35)*(2232 - 1). Let q be d/207 + 4/18. What is the greatest common divisor of 781 and q?
11
Suppose 3*v = v - 0*v. Suppose 0 = -v*k + 3*k - 12. Suppose -k*c - 12 = -8*c. What is the highest common factor of c and 1?
1
Let b be 25 - 30 - (-4 - 1). Suppose -4*c + 5*y = b, -2*y + 3*y = -4*c + 24. Calculate the highest common factor of 4 and c.
1
Suppose -b = 5*r - 1169, -3*b + 3*r = -b - 2325. Suppose 3*i - 45 = 40*a - 45*a, 0 = 3*a + i - 31. What is the greatest common divisor of a and b?
12
Suppose 16178 = -23*n + 18133. What is the highest common divisor of 2788 and n?
17
Let u be (-4)/(-18) - (-8281)/117. Let f be (-10)/(-40) + u/4. Suppose f*v - 9*v - 27 = 0. Calculate the greatest common factor of 15 and v.
3
Let s be (-29040)/(-18)*312/130. What is the greatest common factor of s and 48?
16
Let j(y) = y**3 - 2*y - 44*y**2 + y**3 + 3 + 53*y**2. Let r be j(-4). What is the greatest common factor of r and 324?
27
Suppose -18*s + 437 = -4*s + 101. What is the highest common divisor of s and 8952?
24
Let c(g) = g**2 + 11*g + 358. Let n be c(51). What is the highest common divisor of n and 64?
64
Suppose 0 = -3*t, 104 = 4*n - t + 3*t. Let x(z) = 2*z**2 - 48*z + 2. Let r be x(24). Calculate the highest common divisor of r and n.
2
Let m = 6553 - 1045. Calculate the highest common factor of m and 68.
68
Suppose 21545 + 444458 = 188*d - 382065. What is the greatest common divisor of 13 and d?
13
Let z = 3050 - 2666. Calculate the greatest common factor of 156 and z.
12
Let k(h) = -3*h**2 + 38*h + 92. Let u be k(-2). What is the greatest common factor of 288 and u?
4
Suppose -2*o + 2607 = 3*r, 2*r + 6*o = 2339 - 643. Calculate the highest common factor of 7625 and r.
125
Suppose 0 = 332*g + 2854 - 173170. Calculate the highest common divisor of g and 4275.
171
Let h be (-16)/(-1) - 15*(-1)/3. Let k = 5 + -3. Suppose k*j = -f + 5, -j - 15 - 7 = -3*f. What is the highest common divisor of h and f?
7
Let j be (788 + -370)/(1 + (-2)/4). What is the highest common factor of j and 66?
22
Let p = 36126 + -23337. Calculate the highest common divisor of 21 and p.
21
Suppose -37*n + 307 + 531 = -198. Let f be (-15 + -3)/(2/(-28)). What is the highest common factor of n and f?
28
Suppose 0 = 59*h + 26 - 1678. What is the greatest common divisor of h and 44?
4
Suppose -56*h - 80*h = -44*h - 1840. What is the greatest common factor of 580 and h?
20
Suppose -2*n - 2*n = -212. Let s = 103 - n. Let w = -2520 + 2540. What is the highest common factor of w and s?
10
Suppose -3*j + 121 = m + 89, -5*m = -4*j - 65. Calculate the highest common factor of 697 and m.
17
Let x = 12203 - 11139. Calculate the greatest common factor of x and 114.
38
Let n = -206 - -220. Let k be 38/(-133) - (1 + (-270)/n). Suppose -3*y = 2*z - 26, -2*z - 2*z + 34 = 3*y. What is the greatest common factor of k and y?
6
Suppose 46 = 4*q - 50. Let r be (-9)/6 - (1377/2)/(-3). Suppose -156 = -3*o - 3*d, 0*o + 5*o = 3*d + r. What is the greatest common factor of q and o?
24
Let r(g) be the first derivative of -5 - 1/3*g**3 + 9*g + 4*g**2. Let q be r(7). What is the greatest common factor of 176 and q?
16
Let v(a) = 122*a - 2338. Let b be v(20). What is the highest common factor of 7140 and b?
102
Suppose 5*j = -2*a + 556 + 2760, -5*j + 8320 = 5*a. What is the greatest common factor of a and 2?
2
Suppose 0 = -3*a - j + 27, 0 = 3*a + 2*j - 36 + 12. Let m be 10*546/130*a/4. What is the greatest common factor of m and 231?
21
Let i(q) = -q**3 - 3*q**2 - 5*q - 17. Let p be i(-4). Suppose -3*a - 7*n + 12*n + p = 0, a - 4*n = 4. What is the highest common factor of a and 36?
4
Let v = -324 + 328. Let a be -8*v/8*-49. Calculate the highest common factor of a and 56.
28
Let d be (-1276)/(-5) + (-12)